s of d.
7, 4643
Suppose 3*r - 435 = 453. Let i(d) = 4*d**2 - 289*d - 3*d**3 + 3 + r*d - 2*d**2. List the prime factors of i(-3).
3
List the prime factors of (-2 - (-8 - -3))*(6524 - -11)*1.
3, 5, 1307
Let n be 782/5 - (3 + 91/(-35)). Let a(p) = p**2 + 89. Let o be a(0). Let w = n - o. What are the prime factors of w?
67
Let b(i) = -15*i**3 - 8*i**2 + i - 1. Let j be b(-2). Let p = j - -198. What are the prime factors of p?
283
Let r(q) = -2*q**3 - 2*q**2 + 6*q + 2. Let s be r(-4). Suppose -3*y - 42 - 12 = -3*k, -5*y - s = -4*k. Suppose k = -7*z + 9*z. What are the prime factors of z?
2
Suppose 0 = -a + q + 11040 + 1152, -2*a + 24414 = 3*q. List the prime factors of a.
2, 3, 19, 107
Let p(g) = 6*g**3 + 19*g**2 - 16*g - 5. Let m be p(-9). What are the prime factors of 4/(-10)*m - (-104)/(-260)?
2, 7, 11
Suppose -223 - 217 = -5*t. Let n = t - -26. What are the prime factors of n?
2, 3, 19
List the prime factors of 15/(104704/(-14960) - -7).
3, 5, 11, 17
Let z(a) = -4*a + 2. Suppose 0 = -2*o - 8*o. Let c be z(o). Suppose 235 = 3*p + 2*x, -c*p - 2*p + x = -317. What are the prime factors of p?
79
Let l be (4 - 5 - 7) + (1 - -1). Let w be l/1*1/(-2) + -4. Let c = w - -89. List the prime factors of c.
2, 11
Let l(u) = 8*u**3 + 9*u**2 + 2*u + 47. List the prime factors of l(6).
2111
Let h(m) = -2*m + 13. Let b be h(-7). Let a(o) = -o**2 + 26*o - 28. Let n be a(b). Let w = 120 - n. List the prime factors of w.
5, 7
Suppose 7*z - 3*z = 5*o - 538, 262 = -2*z - o. Let i be 58/(-6) + (-4)/(-6). Let d = i - z. What are the prime factors of d?
3, 41
Let z(d) = 96*d**2 + 397*d - 25. List the prime factors of z(-13).
2, 5519
Let t be (-25 - 1)*(-39)/(-26). Let u = -35 - t. What are the prime factors of -150*((-6)/u)/3?
3, 5
Let x(l) = 4*l - 36. Let a be x(10). Suppose -2*n + a*h + 1844 = 0, -h = -5*n + 3032 + 1578. List the prime factors of n.
2, 461
Suppose 2*c = 4*c - 2. Suppose -44*a + 9*a - 3*a = 0. What are the prime factors of (c + a)*(-9 + 18)?
3
Let u(p) = 6*p**3 + 4*p**2 - 19*p - 14. Let i(h) = -33*h - 292. Let w be i(-9). What are the prime factors of u(w)?
3, 13, 19
Let s(h) be the second derivative of -h**3/3 + 10*h**2 - 7*h. Let a be s(8). Suppose -123 = -a*o + 41. List the prime factors of o.
41
Suppose 39622*m - 39628*m = 141918 - 611568. What are the prime factors of m?
5, 31, 101
Let l(p) be the third derivative of p**6/120 - p**5/10 - p**4/12 - 4*p**3 - 20*p**2. What are the prime factors of l(8)?
2, 11
Suppose 3*k + 2*k - 544 = -3*t, k - 106 = -2*t. Let m = -280 - k. Let d = -234 - m. What are the prime factors of d?
2, 3, 13
Let f = 89892 + -35123. What are the prime factors of f?
11, 13, 383
Suppose 2910 = -5*l - 5*l. Let a = 35 - l. List the prime factors of a.
2, 163
What are the prime factors of 512/10496 + 5223558/123?
2, 3, 3539
List the prime factors of 1527*(-10 - ((-110)/6 - 8)).
7, 509
Suppose 2*c + c - 70 = -2*o, 5*c - o = 134. Suppose -d + c = -3*k, 2*k + 2*d - 13 + 41 = 0. What are the prime factors of (-2)/6 + k/(-3)?
3
Let u(w) = -10*w**2 + 543*w + 20. What are the prime factors of u(28)?
2, 13, 71
Suppose 9738*g - 9747*g = -568494. List the prime factors of g.
2, 31583
List the prime factors of -1 - 3/((24/(-5388))/((-114)/(-3))).
2, 7, 457
Let u be -14*(-4 + 225/63). List the prime factors of 5766/u + (-5)/1.
2, 239
Suppose -4*b = 8*b - 5760. Suppose -48 = h - b. List the prime factors of h.
2, 3
Let p(s) = 166*s + 883. Let f(t) = 111*t + 590. Let m(n) = 8*f(n) - 5*p(n). List the prime factors of m(9).
827
Let a = -28257 - -47847. What are the prime factors of a?
2, 3, 5, 653
Let q = -369 + 548. Let z = q + -78. Suppose 3*u + z = 524. What are the prime factors of u?
3, 47
Let g(h) = -12*h**2 + 2*h - 14. Let b be g(-5). Let n = 458 + b. What are the prime factors of n?
2, 67
Suppose -2*q = -2*w - 6, -2*w = 2*q + 3*w - 13. Suppose -3*i + 832 = 4*l - 8*i, q*l - 848 = i. List the prime factors of l.
3, 71
What are the prime factors of 57*(-496)/(-9) + 8/(-6)?
2, 5, 157
What are the prime factors of (8205/6 - (7 - 0))*4?
2, 3, 907
Suppose 15*d - 9 = 14*d. Let y be (-6)/d - (-1 - 1325/3). Suppose -2*n - 3*p - 23 = -y, -4*p = -4*n + 808. What are the prime factors of n?
5, 41
Let l be (-534 - -4) + 13 - -1*3. List the prime factors of l*(35/(-30) - 4/12).
3, 257
Let z(p) be the first derivative of 10*p**2 + 5*p + 7. Let u(i) = i**2 - 13*i + 32. Let f be u(10). List the prime factors of z(f).
3, 5
Suppose 22280 = 4*p + 4*o, 0 = -6*p + 7*p + 3*o - 5568. What are the prime factors of p?
3, 619
Suppose 32*x + 6*x - 5244 = 0. List the prime factors of (x/9)/(15/360).
2, 23
Let o = 472 - -57. Let u = o + -351. What are the prime factors of u?
2, 89
Let v = 96091 + -34044. What are the prime factors of v?
62047
Suppose 3*w + w + 264 = 5*s, 272 = -4*w + 3*s. Let g = -68 - w. Suppose -5*y - 4*c = -600, 0 = -3*y - g*c - 2*c + 373. What are the prime factors of y?
2, 29
Let k(n) = n**3 - 19*n**2 - 36*n - 166. Let v be k(21). Let w = -6 - -54. List the prime factors of (w/v)/((-1)/20).
2, 3
Let v be 1 - (5 - 3)*-2. Suppose -5*c - 61 - 78 = -q, -c - 575 = -v*q. Suppose 3*n + q = w + 2*n, 4*w - 5*n - 458 = 0. List the prime factors of w.
2, 7
Let u = 981 - 113. Suppose -247 = 3*g - u. Suppose 16*m = 7*m + g. What are the prime factors of m?
23
Let t(g) = -g - 5. Let s be t(-9). Suppose -526 = -s*u - 102. Let m = u + -53. List the prime factors of m.
53
Let m be 233 + (-3 - -4) - -3. Suppose 8*x = 5*x + m. Suppose 4*f - 41 - x = -i, 2*f = 4*i - 534. What are the prime factors of i?
2, 3, 11
Let b(h) = h**2 + 3*h. Suppose -15*d - 32 = -7*d. Let f be b(d). Suppose -a = -5*g + 1267, g - f*a - 74 = 187. What are the prime factors of g?
11, 23
Suppose 157*m + 15513 = d + 154*m, 0 = 2*d + m - 30998. List the prime factors of d.
3, 5167
Let h = 177 + -81. Suppose -29*m + h = -28556. List the prime factors of m.
2, 13, 19
Suppose 0 = 3*c - 3*g - 3, -c + 8 = -2*c + 4*g. Suppose -b + 2*l + 21 = -2*l, 2*b + 6 = -c*l. Suppose -b*q = -74 - 11. List the prime factors of q.
17
Let a = 13587 + -7754. What are the prime factors of a?
19, 307
Let l = 1577 - -25118. What are the prime factors of l?
5, 19, 281
Suppose -i - 11 = -4*k, 4*i + i - 37 = -3*k. Suppose -4*g + 5*g + i*h - 11 = 0, 2*h = 5*g - 1. What are the prime factors of g/(6/232)*(19 - 16)?
2, 29
Suppose -4*d = 9*z - 4*z - 6658, 6*z + 4*d - 7984 = 0. List the prime factors of z.
2, 3, 13, 17
Let p = 12217 - 4132. List the prime factors of p.
3, 5, 7, 11
List the prime factors of 749*3 + 3859/227.
2, 283
What are the prime factors of ((1 - 0)/(-2))/((-217)/868) - -11555?
7, 13, 127
Let l = 993 + -985. Let i(g) = -g**3 + 16*g**2 - 14*g + 36. What are the prime factors of i(l)?
2, 109
Let v = 140 + -72. Let s(w) = w**3 - 4*w**2 + w + 8. Let a be s(8). Suppose 4*m = a + v. What are the prime factors of m?
5, 17
Suppose -34*j + 122*j - 409816 = 0. What are the prime factors of j?
4657
Let l(c) = 8*c**3 + c**2 - 5*c - 2. Suppose 2*r - 5*r = -9. Let n be l(r). Suppose -n = -10*p + 92. List the prime factors of p.
2, 3, 5
Let i = -8622 - -14381. List the prime factors of i.
13, 443
Let t = 464 + -661. Let s = -118 - t. Suppose -75*j + s*j - 460 = 0. What are the prime factors of j?
5, 23
Let u = -1222 - -7499. List the prime factors of u.
6277
Suppose 19*t + 42263 = 21*t + k, 2*t - 5*k = 42233. List the prime factors of 106/583 - t/(-11).
17, 113
Suppose -21*d + 182049 + 239174 = -295612. What are the prime factors of d?
5, 6827
Let y = 308 + -296. What are the prime factors of ((-184)/6)/(7/((-4662)/y))?
2, 23, 37
Let t(q) be the third derivative of q**6/120 - 3*q**5/20 - 3*q**4/8 + 5*q**3 - 5*q**2. Let m be t(8). Let a = 298 + m. List the prime factors of a.
2, 3
Suppose -4408531 = -123*k - 4*k - 685145. List the prime factors of k.
2, 107, 137
Let p = 757 - 121. Suppose k = 7*k - p. List the prime factors of k.
2, 53
Let h(a) = 187*a + 9991. List the prime factors of h(0).
97, 103
Suppose -u = -13*h + 17*h - 14472, 5*u - 5*h = 72435. List the prime factors of u.
2, 3, 17, 71
Let b = 31 - 26. Suppose n = -2*z + 627, -z + 3165 = b*n + 3*z. Suppose 6*g = -g + n. What are the prime factors of g?
7, 13
Let b = -5306 + 5306. Suppose j - v - 4 = 0, -v - 9 = -3*j + j. Suppose b = j*f - d - 925, -2*f - 74 = 4*